861. List the prime factors of k.
2, 3, 17
Let y be (-66)/(-12) - (-3)/(-2). Suppose -c = 2*i - 28, -49 = -3*c - 3*i + y*i. What are the prime factors of c?
2, 3
Suppose 3*x = -2*s + 6, -4*s + 14 = 2. Suppose x = w - 4*c - 19, -w - w + 5*c + 35 = 0. What are the prime factors of w?
3, 5
Let j(k) = k**3 - 6*k**2 + 12*k - 20. List the prime factors of j(8).
2, 3, 17
Let a = -23 + 25. List the prime factors of 2 - (a + -2 + -2).
2
Let a(c) = 15*c**2 + 6. What are the prime factors of a(-3)?
3, 47
Let w(q) = -31*q. What are the prime factors of w(-2)?
2, 31
Let o(m) be the third derivative of -m**7/5040 + m**6/144 + m**5/60 - m**2. Let q(s) be the third derivative of o(s). List the prime factors of q(-4).
3
List the prime factors of 50 - 0 - (15 + -18).
53
Suppose 0 = u + u + 2*y + 2, u - y - 7 = 0. Suppose 3*k + r = 44, -4*k - u*r = -k - 48. Let w = -5 + k. What are the prime factors of w?
3
Let j(t) = -t**3 + 6*t**2 - 4*t - 1. Let b be j(5). Suppose -16 = -5*n - 2*x + 9, b*x = -n + 5. What are the prime factors of n?
5
Suppose -12 = 4*o - 0. Let w be (-29)/((0 + o)/3). Suppose -3*x + 10 = -w. List the prime factors of x.
13
Let v(h) = -10*h. Let b be v(1). Let x(m) = m**3 + 10*m**2 - 2*m + 8. List the prime factors of x(b).
2, 7
Let x(y) = 2*y. Let d be x(-2). Let v be (1 + -5)*2/d. Suppose 2*s - 6*s + 8 = 0, v*h + s = 28. What are the prime factors of h?
13
Let m(r) = r**2 + 2*r - 6. Suppose 0 = -4*p - 0*p - 28. What are the prime factors of m(p)?
29
Let a(f) = -2*f + 0*f - f**2 + 6*f - 5 + 3*f**2. What are the prime factors of a(-4)?
11
Let t = -4 - -3. Let r = -3 + t. Let k = r + 6. List the prime factors of k.
2
Let l = 132 + -23. What are the prime factors of l?
109
Let s = -545 + 934. List the prime factors of s.
389
Suppose 4*i - 3 = 5. Suppose i*p - 20 = -2*d, 5*d + 3*p - 45 = -1. Let w = d - -3. What are the prime factors of w?
2, 5
Let b(h) = h**2 + 11*h + 2. Suppose -5*n + 3*n - 22 = 0. List the prime factors of b(n).
2
Let h = -4 - -6. Let g(i) = i + 3. Let j be g(0). Suppose -h*r - j*r + 40 = 0. List the prime factors of r.
2
Let r(j) = -3*j**3 + 6*j**3 - 1 + 2 - 2*j**3. Let s be r(1). Suppose -2*k - 45 = -5*h, 0 = s*h + 3*h + 5*k - 45. What are the prime factors of h?
3
Suppose -v - 45 = -6*v. Let o = v - -8. List the prime factors of o.
17
Let r(j) = -j**3 - 10*j**2 - 10*j - 12. Let k be r(-9). Let p(z) = z**3 + 4*z**2 - 3*z - 4. What are the prime factors of p(k)?
2, 7
Let v = 1 + 1. Let l = 11 - v. What are the prime factors of l?
3
What are the prime factors of -2*(263/(-5))/(20/50)?
263
Suppose 0 = 5*n + 6*x - 2*x - 20, 2*n = -3*x + 15. Suppose 2*z - 4*h - 12 = n, -z = 4*z + 5*h - 60. List the prime factors of z.
2, 5
Let i = -16 - -32. Suppose d + 0*d = i. Suppose 0 = l - d - 0. What are the prime factors of l?
2
What are the prime factors of 2/(-6) - (-7)/((-21)/(-346))?
5, 23
Suppose 3*b - 568 = 5*g, 2*b - 210 = -2*g + 158. What are the prime factors of b?
2, 3, 31
Let m be 2/3*(-11 - -2). Let c be (-16)/m*(-72)/32. List the prime factors of (9/c)/(3/(-10)).
5
Suppose -2*m = -7*m - 5, -176 = -5*d - 4*m. What are the prime factors of d?
2, 3
List the prime factors of (45/12)/((-9)/(-120)).
2, 5
Let d(s) = -44*s**3 + s**2 - s - 1. What are the prime factors of d(-1)?
3, 5
Suppose -3*t = -203 - 4. List the prime factors of t.
3, 23
Suppose 0 = -2*r + 60 + 22. What are the prime factors of r?
41
Suppose s + s = w + 127, -193 = -3*s + 2*w. List the prime factors of s.
61
Suppose 2*l + 5*t - 106 = t, 201 = 4*l - 3*t. Let k = l - 35. What are the prime factors of k?
2
Let p(o) = o - 2. Let z = 3 + 3. Let h be p(z). Suppose 2*v = 3*r + 13 + 26, 0 = h*v - r - 53. List the prime factors of v.
2, 3
Let g = -14 + 32. What are the prime factors of g/(-45) + (-132)/(-5)?
2, 13
Suppose 5*v - 33 = -4*r, -8 = -r - 3*r. Suppose 0 = j - v*j. Let y = j + 6. List the prime factors of y.
2, 3
Let f(p) = 3*p + 4. Let t be f(3). Suppose -2*i + 0*s + 56 = 4*s, -3*s = -i + t. List the prime factors of i.
2, 11
Let z = 5 - -141. List the prime factors of z.
2, 73
Let k(x) = -3*x + 3. What are the prime factors of k(-13)?
2, 3, 7
Suppose -i - 30 = -6*i. Let q = -3 + i. Let y = q + 5. What are the prime factors of y?
2
Let m(p) = -p - 1. Let k(t) = -t - 3. Let r(d) = 2*k(d) + 2*m(d). List the prime factors of r(-7).
2, 5
Let c(i) = 41*i - 9. What are the prime factors of c(3)?
2, 3, 19
Suppose -3*y = y - 8. Let q = -2 + y. Let n(x) = -x**2 - x + 4. What are the prime factors of n(q)?
2
What are the prime factors of ((-24)/22)/(-6) - (-1813)/11?
3, 5, 11
What are the prime factors of 123/4 + (-12)/16?
2, 3, 5
Suppose i - 115 = 3*x - 28, -331 = -3*i - 5*x. List the prime factors of i.
2, 3, 17
Let w = 6 - 4. Suppose -w*h + 15 = -1. List the prime factors of h.
2
Let d(r) = -r**3 + 4*r**2 + 8*r - 6. Let k be (-26)/4 + 2/4. Let s be (-4)/k - (-13)/3. List the prime factors of d(s).
3
List the prime factors of 64/96 - (1664/(-6) - -1).
277
Let w(i) = -4*i. Let y be w(-6). Let t be y - (3 - 9/3). List the prime factors of (-25)/2*t/(-20).
3, 5
Let a = 174 + -430. Let b be 2/7 - a/(-14). Let x = b - -29. What are the prime factors of x?
11
Let x be (-5 + 4)/(0 + 1). Suppose -4*w + 10 = -2*d, -2*w = 5*d - w - 30. What are the prime factors of (d/15)/(x/(-12))?
2
Let o = 13 + -5. What are the prime factors of ((-4)/(o/38))/(-1)?
19
Let w(s) be the first derivative of -s**2 - 3*s - 2. Let a be w(-4). Suppose 3*o - 51 = 4*b - a, -3*b = 2*o - 25. What are the prime factors of o?
2, 7
Let p = -12 - -81. List the prime factors of p.
3, 23
Let l(t) = -3*t**3 - 17*t**2 + 17*t. Let k(v) = 4*v**3 + 18*v**2 - 18*v + 1. Let z(h) = 2*k(h) + 3*l(h). What are the prime factors of z(-16)?
2, 3
Let r(l) = -l**2 - 19*l - 22. What are the prime factors of r(-17)?
2, 3
Suppose 4*d = -4*m + 36, d - 11 = 3*m - 5*m. Suppose -5*r - 13 = d. Let q = r - -10. List the prime factors of q.
2, 3
Let b = 7 + -2. Suppose 10*f - 75 = b*f. List the prime factors of f.
3, 5
Suppose -b = 3*b - 12. Suppose 0 = s - b*s + 44. List the prime factors of s.
2, 11
Suppose 2*o = 3*o - 9. Suppose -3*g - 2*g + 28 = 3*h, -5*h + 50 = 5*g. Let c = h + o. What are the prime factors of c?
2, 5
Let q(r) = r**2 - 3*r + 4. Let k be q(3). Suppose 3*z = k*l - 3 - 15, 0 = 2*l - 5*z - 16. Suppose -8*m + 55 = -l*m. What are the prime factors of m?
11
Suppose k = -2*k + 54. Let s = k - 8. List the prime factors of s.
2, 5
Let p(f) = 4*f**2 + f. Let j be p(-1). Let g be (-12*j)/(-3) + -1. What are the prime factors of g - (2 - -2 - 2)?
3
Let o(m) = 3*m**2 - 20*m + 41. List the prime factors of o(13).
2, 3
Let p(u) = 10*u**2 + 11*u - 5. Let v(i) = -5*i**2 - 6*i + 3. Let z(c) = 3*p(c) + 5*v(c). List the prime factors of z(-2).
2, 7
Suppose -29 = 4*c - 21. Let i(f) = 0*f - 5*f + 1 - 2*f. What are the prime factors of i(c)?
3, 5
Suppose -21*p + 18*p + 123 = 0. List the prime factors of p.
41
Let j(f) = -f**3 + 2*f**2 + f - 1. Let p(t) = -4*t**3 + 7*t**2 + 4*t - 2. Let d(c) = 7*j(c) - 2*p(c). List the prime factors of d(3).
3, 7
Suppose -x - x = -10. What are the prime factors of x?
5
Suppose 4*p + 24 = 5*g + 2*p, 0 = -p + 3. Let q = g + -12. Let o(l) = l**3 + 5*l**2 - 6*l + 7. List the prime factors of o(q).
7
Let f(o) = 4*o. Let v be f(1). Let s be 1*v - (-2 - -3). What are the prime factors of (5 + -2)/(s + -2)?
3
List the prime factors of (27/36)/((-2)/(-696)).
3, 29
Let l(z) = -4*z - 12. What are the prime factors of l(-15)?
2, 3
Let m(f) = f**3 + 12*f**2 - 3*f + 3. List the prime factors of m(-12).
3, 13
Suppose -4*j + 3*j + l = 0, 3*j + 3*l - 18 = 0. Suppose -p - 6 = k - 25, -3*p = 4*k - 54. Suppose j*h = -4*s + p, h - 4*s = s + 1. List the prime factors of h.
2, 3
Let w = 25 - 12. List the prime factors of w.
13
Suppose -3*i = -4*t - 23, i + 8 = 3*t + 24. Let c be (t/(-4))/(2/(-16)). Let o = c - -16. What are the prime factors of o?
2, 3
Suppose 3*h + 6 = 3*z, -2*z - z = -5*h. Suppose 3 + 1 = t + 2*s, 8 = 4*s. Suppose 0 = -h*u + 9 - t. What are the prime factors of u?
3
Suppose -4*r = 5*g + 801, r + 9 = -3*g - 200. What are the prime factors of (-8)/(-12) + r/(-6)?
3, 11
Suppose 3*w + 954 = -2724. Let k be 8/(-32) - w/8. What are the prime factors of (2/6)/(3/k)?
17
Let m be (-1 - -5 - 2)*-1. Let r = m - -7. Sup